t y(z) = -z**2 - 11*z + 46. Determine y(-14).
4
Let w(z) = 44*z - 494. Calculate w(11).
-10
Let d(b) = -13*b + 42. Determine d(4).
-10
Let m(u) = u**3 - 3*u**2 + 5*u - 4. What is m(2)?
2
Let o(q) = -3*q + 5. Calculate o(21).
-58
Let l(g) = -g**2 - 40*g - 58. Determine l(-39).
-19
Let h(b) = -3*b + 11. What is h(3)?
2
Let g(r) = r**2 - 8*r + 8. Give g(8).
8
Let m(s) = -16*s**2 - s + 2. Calculate m(1).
-15
Let g(p) = p**3 + 7*p**2 + 2*p + 6. What is g(-6)?
30
Let p(a) = a**2 + 17*a + 73. Calculate p(-10).
3
Let k(h) = -43*h + 65. Determine k(3).
-64
Let w(v) = 7*v - 4. Determine w(3).
17
Let d(f) = 9*f + 23. Give d(-9).
-58
Let o(a) = 5*a. Calculate o(-4).
-20
Let g(f) = f**3 + 3*f**2 - 39*f + 9. What is g(-8)?
1
Let m(c) = -4*c + 20. What is m(11)?
-24
Let l(g) = g**3 + 10*g**2 + 3*g + 15. Determine l(-10).
-15
Let p(g) = -g**3 - 8*g**2 - 10*g + 4. Determine p(-6).
-8
Let h(x) = -86*x + 255. What is h(3)?
-3
Let o(q) = q**3 - 19*q**2 + 13*q + 85. Give o(18).
-5
Let r(q) = -8*q**2 + 4*q + 2. What is r(2)?
-22
Let i(n) = -8*n - 21. What is i(-4)?
11
Let k(u) = -u**3 - 6*u**2 - 4*u + 4. Determine k(-6).
28
Let a(r) = r**2 - 7*r - 12. Determine a(-6).
66
Let p(v) = 2*v**3 - 2*v**2 + 1. What is p(1)?
1
Let d(n) = -n**2 - 7*n - 1. Give d(-6).
5
Let k(r) = -r**3 + 2*r**2 + 2*r - 3. What is k(3)?
-6
Let l(w) = -w + 2. Give l(-7).
9
Let x(d) = d**2 - 17*d + 24. What is x(16)?
8
Let g(d) = d**3 + 9*d**2 + 16*d. Calculate g(-6).
12
Let g(o) = o**2 - 34*o + 76. Calculate g(32).
12
Let z(v) = 3*v**3 + 4*v**2 - 6*v - 12. Determine z(-2).
-8
Let y(w) = -18*w - 1. Give y(-1).
17
Let s(v) = -v**3 - 7*v**2 - 6*v - 6. Give s(-6).
-6
Let p(s) = -s**3 - 11*s**2 - 2*s + 10. Calculate p(-11).
32
Let r(b) = -116*b + 713. What is r(6)?
17
Let o(y) = -y**2 + 5. Calculate o(0).
5
Let n(d) = 41*d - 27. What is n(2)?
55
Let t(i) = 6*i**2 + 22*i - 2. Calculate t(-4).
6
Let x(z) = z - 36. What is x(13)?
-23
Let y(q) = 14*q**2 + 24*q - 54. Determine y(2).
50
Let t(j) = -2*j**2 - 5*j + 11. Calculate t(-5).
-14
Let x(a) = 12*a - 120. Determine x(10).
0
Let n(m) = m**2 + 8*m - 9. What is n(-9)?
0
Let f(b) = -3*b + 23. What is f(6)?
5
Let d(r) = -18*r + 53. Determine d(3).
-1
Let a(f) = -f**3 + 8*f**2 - 3*f + 12. Calculate a(8).
-12
Let l(o) = -o**3 - 5*o**2 + 9*o + 8. What is l(-6)?
-10
Let d(t) = 3*t - 12. Determine d(14).
30
Let z(t) = t**2 + 8*t + 7. Determine z(-6).
-5
Let z(q) = q**2 - 4*q + 4. Give z(2).
0
Let j(c) = c**3 + 11*c**2 + 14*c. What is j(-10)?
-40
Let i(x) = -x**2 + 7*x - 5. What is i(5)?
5
Let h(y) = -y**2 - 7*y + 9. Calculate h(-8).
1
Let n(h) = -h**2 - 7*h + 46. Calculate n(-11).
2
Let v(h) = -h**2 + 3*h. Give v(4).
-4
Let d(s) = s**3 + 25*s**2 + 25*s - 2. Determine d(-24).
-26
Let s(w) = w**3 + 4*w**2 - 14*w + 4. Determine s(-6).
16
Let m(p) = -p**3 - 2*p**2 + 8*p + 10. Calculate m(-4).
10
Let i(s) = s**3 - 3*s - 2. What is i(-3)?
-20
Let w(b) = -b**2 - b - 4. What is w(2)?
-10
Let v(w) = w**3 + w**2 - 8*w. What is v(-3)?
6
Let k(i) = -i**2 + 19*i + 43. What is k(21)?
1
Let m(k) = -k**3 - 12*k**2 + 15*k + 28. What is m(-13)?
2
Let i(t) = -29*t**2 + 12*t + 21. Determine i(-2).
-119
Let p(i) = i**3 + 13*i**2 - 14*i + 3. Give p(-14).
3
Let u(r) = r**3 - 10*r**2 - 2*r + 15. Calculate u(10).
-5
Let i(a) = 2*a + 9. What is i(10)?
29
Let b(n) = -n**3 - 7*n**2 - 8*n + 4. What is b(-6)?
16
Let u(m) = -11*m - 98. Determine u(-13).
45
Let z(d) = 28*d + 1137. Determine z(-41).
-11
Let x(c) = -9*c**2 + c - 4. Determine x(5).
-224
Let n(r) = r**2 + 9*r - 51. Determine n(4).
1
Let p(w) = w**2 - 9*w + 31. Give p(6).
13
Let z(m) = 3*m - 13. Give z(5).
2
Let v(w) = w**3 - 5*w**2 - 2*w. Give v(6).
24
Let s(f) = f**3 + 33*f**2 - 33*f + 34. Calculate s(-34).
0
Let w(q) = -198*q - 1191. Calculate w(-6).
-3
Let x(g) = -g + 7. Calculate x(0).
7
Let m(k) = k**2 - k - 1. What is m(1)?
-1
Let c(l) = 2*l**3 + 13*l**2 - 4*l - 6. Calculate c(-6).
54
Let p(m) = 3*m - 13. Determine p(9).
14
Let z(b) = -b**3 + 9*b**2 - 9*b + 10. What is z(8)?
2
Let z(h) = -6*h - 59. Calculate z(-9).
-5
Let p(b) = -b**3 + 4*b**2 + 3*b - 7. Give p(5).
-17
Let t(p) = -p**3 + 10*p**2 + 6*p + 19. Determine t(11).
-36
Let w(z) = 19*z - 207. Calculate w(11).
2
Let i(h) = -3*h**2 + 21*h - 8. Give i(6).
10
Let n(h) = -h**2 - 12*h - 2. Give n(-10).
18
Let z(v) = -5*v**2 + 4*v - 1. Determine z(2).
-13
Let k(a) = 11*a - 1. What is k(2)?
21
Let c(b) = b**2 + 10*b - 14. Give c(-11).
-3
Let z(k) = -k**2 + 102. Calculate z(10).
2
Let n(r) = -3*r**2 + 29*r + 53. Determine n(11).
9
Let h(i) = 14*i + 122. What is h(-9)?
-4
Let a(r) = -2*r - 22. Give a(-12).
2
Let i(o) = o**3 - 6*o**2 - 2. Give i(6).
-2
Let v(m) = -5*m - 12. Give v(-5).
13
Let g(j) = -2*j + 17. What is g(12)?
-7
Let f(m) = m - 9. Give f(16).
7
Let c(r) = 7*r + 1. Give c(-6).
-41
Let q(o) = o + 9. Calculate q(-20).
-11
Let n(i) = 5*i + 153. Determine n(-30).
3
Let r(c) = -12*c + 187. Determine r(16).
-5
Let t(h) = 9*h - 13. Determine t(4).
23
Let m(b) = -b - 7. Calculate m(-4).
-3
Let m(o) = o - 18. Give m(0).
-18
Let f(s) = 13*s + 57. Determine f(-2).
31
Let s(q) = -q - 9. Determine s(-10).
1
Let w(m) = -8*m + 156. Give w(20).
-4
Let g(r) = 5*r - 64. Determine g(12).
-4
Let z(m) = -m**2 + 27*m - 181. What is z(14)?
1
Let p(j) = 35*j + 4. Calculate p(-2).
-66
Let x(l) = -l**2 - 19*l + 21. Determine x(-20).
1
Let b(a) = a**2 + 8*a - 10. Give b(-9).
-1
Let s(y) = -y**3 + 11*y - 12. Calculate s(-4).
8
Let a(i) = i**2 - 25*i - 162. Calculate a(30).
-12
Let j(v) = -3*v**2 + 36*v - 39. What is j(11)?
-6
Let h(a) = 4*a**3 + 2*a + 8. Calculate h(-2).
-28
Let i(z) = z**2 - 31*z + 14. Give i(30).
-16
Let a(x) = -x**3 + x**2 + 2*x - 40. Give a(0).
-40
Let r(m) = -m**2 + m + 6. Calculate r(5).
-14
Let w(t) = 6*t**2 + 40*t - 19. Determine w(-7).
-5
Let c(s) = -5*s**2 - 3*s. Calculate c(-4).
-68
Let m(u) = -u**2 - 8*u + 2. Give m(-8).
2
Let f(j) = 3*j - 110. Calculate f(35).
-5
Let r(l) = -2*l + 5. Determine r(-1).
7
Let o(r) = -3*r - 4. Calculate o(8).
-28
Let u(b) = -3*b + 2. Give u(1).
-1
Let h(d) = d**3 + 9*d**2 - 9*d + 8. Calculate h(-10).
-2
Let m(w) = -w - 29. Give m(-23).
-6
Let g(h) = -h**2 - 21*h + 24. Give g(-25).
-76
Let w(k) = -2*k**2 - 5*k + 113. Give w(6).
11
Let u(i) = -i - 12. What is u(12)?
-24
Let u(m) = m**3 - 4*m**2 - 15*m + 56. Give u(5).
6
Let m(d) = d**3 + 14*d**2 + 19*d + 10. Determine m(-11).
164
Let h(k) = 7*k + 54. Calculate h(-8).
-2
Let d(t) = -28*t + 398. Determine d(14).
6
Let y(m) = -m**2 - 13*m - 22. Give y(-3).
8
Let m(h) = -h + 76. Determine m(0).
76
Let d(q) = 78*q**3 + q**2 + 2*q - 2. What is d(1)?
79
Let r(s) = -4*s - 8. What is r(1)?
-12
Let o(f) = f**2 - 8*f - 3. Give o(9).
6
Let t(j) = -j**3 - 30*j**2 - 2*j - 72. Determine t(-30).
-12
Let t(j) = j**3 + 5*j**2 + 3*j - 1. Determine t(-6).
-55
Let i(y) = 2*y**2 + 5*y + 20. Calculate i(-3).
23
Let f(w) = w**3 + 14*w**2 - 12*w + 33. Give f(-15).
-12
Let r(h) = 11*h + 6. What is r(-1)?
-5
Let h(m) = -4*m + 5. Determine h(8).
-27
Let j(l) = l - 9. Calculate j(4).
-5
Let j(b) = 10*b + 167. What is j(-16)?
7
Let w(o) = o**3 + 34*o**2 - 33*o + 62. What is w(-35)?
-8
Let h(y) = -y**3 + 8*y**2 - 9*y + 11. Determine h(7).
-3
Let c(d) = 3*d - 2. What is c(6)?
16
Let r(i) = -2*i**3 - 12*i**2 - 7*i - 7. Give r(-6).
35
Let t(x) = -x**3 + 4*x**2 - 2*x - 5. Determine t(4).
-13
Let p(s) = -13*s + 6. Give p(1).
-7
Let u(i) = i**3 + 13*i**2 - 18*i - 12. Calculate u(-14).
44
Let l(k) = -k**3 + 11*k**2 - 10*k - 13. Calculate l(9).
59
Let g(f) = -18*f - 76. What is g(-4)?
-4
Let d(o) = 2*o**2 + 8*o - 88. Determine d(5).
2
Let h(j) = -j**2 - 23*j + 205. What is h(-30)?
-5
Let i(c) = c**3 - 16*c**2 + 13*c + 27. Determine i(15).
-3
Let b(k) = 2*k**2 + k - 7. Calculate b(-3).
8
Let n(f) = f**2 + 8*f + 3. What is n(-6)?
-9
Let j(u) = 42*u + 285. What is j(-7)?
-9
Let j(i) = i**3 + 9*i**2 - 10. Give j(-8).
54
Let i(m) = m**2 - 9*m + 14. What is i(6)?
-4
Let y(m) = 4*m. Give y(5).
20
Let t(v) = -v**3 - 7*v**2 + 9*v + 3. Give t(-8).
-5
Let o(f) = 8*f + 10. What is o(3)?
34
Let p(i) = i**3 + 9*i**2 + 7*i + 10. Give p(-5).
75
Let n(q) = -q**3 - 2*q**2 + 23*q - 6. Determine n(3).
18
Let u(s) = -47*s + 2. Give u(-3).
143
Let v(f) = 3*f - 113. What is v(39)?
4
Let u(p) = p**3 - 11*p**2 - p + 4. What is u(11)?
-7
Le